{"id":119,"date":"2025-05-20T11:22:09","date_gmt":"2025-05-20T09:22:09","guid":{"rendered":"https:\/\/svum.info\/?page_id=119"},"modified":"2026-02-06T16:24:47","modified_gmt":"2026-02-06T15:24:47","slug":"byvali-clenove-po-obnoveni-spolku-v-roce-1990","status":"publish","type":"page","link":"https:\/\/svum.info\/?page_id=119","title":{"rendered":"B\u00fdval\u00ed \u010dlenov\u00e9 po obnoven\u00ed spolku v roce 1990"},"content":{"rendered":"\n<div class=\"wp-block-columns is-layout-flex wp-container-core-columns-is-layout-9d6595d7 wp-block-columns-is-layout-flex\">\n<div class=\"wp-block-column is-layout-flow wp-block-column-is-layout-flow\" style=\"flex-basis:100%\"><\/div>\n<\/div>\n\n\n\n<p style=\"letter-spacing:0.2px;line-height:2.3\"><a href=\"https:\/\/cs.wikipedia.org\/wiki\/Karel_Bened%C3%ADk\">Karel Bened\u00edk<\/a>* \/Kozoj\u00eddky\/<br>doc. ak. mal. Franti\u0161ek Cundrla \/Str\u00e1\u017enice\/<br>Nad\u011b\u017eda \u010can\u010d\u00edkov\u00e1 \/Zl\u00edn\/<br>Jan Gajdo\u0161 \/Uh. Hradi\u0161t\u011b\/ (1990 \u2013 1997)<br>prof. ak. mal. Franti\u0161ek Hodonsk\u00fd \/Praha\/ (1991 \u2013 2001)<br>ak. soch. Jaroslav Jur\u010d\u00e1k \/Mikul\u010dice\/ (1992 \u2013 1994)<br>Josef Kiesewetter \/Uh. Hradi\u0161t\u011b\/ (1990 \u2013 2004)<br>ak. soch. V\u00e1clav A. Kovani\u010d* \/Hovorany\/ (1994 \u2013 2000)<br>Stanislav Kr\u00e1tk\u00fd* \/P\u0159erov\/ (1990 \u2013 1999)<br>ak. mal. Dagmar Ku\u010derov\u00e1 \/Hodon\u00edn\/ (1992 \u2013 2005)<br>Zden\u011bk Maty\u00e1\u0161 \/Val. Klobouky\/ (1990 \u2013 1999)<br>Eva Milotov\u00e1 \/Hul\u00edn\/ (1990 \u2013 1995)<br>Franti\u0161ek Nikl \/Zl\u00edn\/ (1990 \u2013 1995)<br>ak. mal. <a href=\"http:\/\/knovak.cz\/\">Karel Nov\u00e1k*<\/a>&nbsp;\/Hodon\u00edn\/ (1992 \u2013 2001)<br><a href=\"https:\/\/sca-art.cz\/\">Josef Ruszel\u00e1k<\/a>&nbsp;\/Zl\u00edn\/ (1991 \u2013 2000)<br>Bed\u0159ich Sa\u0148a* \/Hodon\u00edn\/ (1990 \u2013 2005)<br>Jan Stratil \/Olomouc\/ (1990 \u2013 2006)<br><a href=\"https:\/\/cs.wikipedia.org\/wiki\/Jo%C5%BEa_Uprka\">Josef \u00daprka<\/a>&nbsp;\/Hroznov\u00e1 Lhota\/ (1996 \u2013 2000)<br>Ivan Uher \/Krom\u011b\u0159\u00ed\u017e\/ (1990 \u2013 1993)<br>Cyril Urban \/B\u0159eclav\/ (1993 \u2013 1995)<br><a href=\"https:\/\/www.sochar.net\/\">Sa\u0161a Zahradn\u00edk<\/a>&nbsp;\/Uh. Hradi\u0161t\u011b\/ (1990 \u2013 1996)<br>ak. mal. Miroslav Bravenec \/\u010cej\u010d\/ (1997 \u2013 2000)<br>ak. soch. Miroslav Hude\u010dek \/Praha\/ (1990 \u2013 1996)<br>Olga Hude\u010dkov\u00e1 \/Praha\/ (1998 \u2013 2000)<br>ak. soch. Andr\u00e9 V\u00edcha \/Uh. Hradi\u0161t\u011b\/<br>ak. mal. Bla\u017eena Uiberlayov\u00e1 \/Uh. Hradi\u0161t\u011b\/<\/p>\n\n\n\n<h2 class=\"wp-block-heading\" style=\"letter-spacing:0.2px;line-height:2.3\">P\u0159edsedov\u00e9<\/h2>\n\n\n\n<p style=\"letter-spacing:0.2px;line-height:2.3\">ak. soch. V. A. Kovani\u010d (1990 \u2013 1993)<br>ak. mal. Karel Nov\u00e1k (1993 \u2013 1995)<br>ak. mal. Jan Gajdo\u0161 (1995 \u2013 2003)<br>Ivan Hodonsk\u00fd (2003 \u2013 2008)<br>ak. soch. Andr\u00e9 V\u00edcha (2008 \u2013 2011)<br>PaedDr. Milan Ra\u0161ka (od r. 2011)<\/p>\n\n\n\n<h2 class=\"wp-block-heading\" style=\"letter-spacing:0.2px;line-height:2.3\">Tajemn\u00edci<\/h2>\n\n\n\n<p style=\"letter-spacing:0.2px;line-height:2.3\">Jan Andrys* (1990 \u2013 1991)<br>PhDr. Jarom\u00edr M\u00ed\u010dka (1991 \u2013 1995)<br>Mgr. Anton\u00edn Salajka (1995 \u2013 1998)<br>Du\u0161an Grombi\u0159\u00edk (1998 \u2013 2008)<br>Mgr. Daniela Satkeov\u00e1 (2008 \u2013 2024)<br>Mgr. et Mgr. Jan Buchta, Ph.D. (od roku 2024)<\/p>\n\n\n\n<h2 class=\"wp-block-heading\" style=\"letter-spacing:0.2px;line-height:2.3\">Vedouc\u00ed klubu p\u0159\u00e1tel SVUM<\/h2>\n\n\n\n<p style=\"letter-spacing:0.2px;line-height:2.3\">Mgr. Anton\u00edn Salajka (1995 \u2013 1998)<br>Mgr. Daniela Satkeov\u00e1 (od roku 1998)<\/p>\n\n\n\n<p style=\"font-size:13px\"><em>* \u010dlenov\u00e9, kte\u0159\u00ed byli \u010dleny ji\u017e p\u0159ed rokem 1959, kdy byl spolek zru\u0161en na\u0159\u00edzen\u00edm komunistick\u00fdch st\u00e1tn\u00edch org\u00e1n\u016f (Z\u00e1kon \u010d. 54\/1959 Sb.<\/em>)<em> <\/em><\/p>\n\n\n\n<p><\/p>\n\n\n\n<p><\/p>\n","protected":false},"excerpt":{"rendered":"<p>Karel Bened\u00edk* \/Kozoj\u00eddky\/doc. ak. mal. Franti\u0161ek Cundrla \/Str\u00e1\u017enice\/Nad\u011b\u017eda \u010can\u010d\u00edkov\u00e1 \/Zl\u00edn\/Jan Gajdo\u0161 \/Uh. Hradi\u0161t\u011b\/ (1990 \u2013 1997)prof. ak. mal. Franti\u0161ek Hodonsk\u00fd \/Praha\/ (1991 \u2013 2001)ak. soch. Jaroslav Jur\u010d\u00e1k \/Mikul\u010dice\/ (1992 \u2013 1994)Josef Kiesewetter \/Uh. Hradi\u0161t\u011b\/ (1990 \u2013 2004)ak. soch. V\u00e1clav A. Kovani\u010d* \/Hovorany\/ (1994 \u2013 2000)Stanislav Kr\u00e1tk\u00fd* \/P\u0159erov\/ (1990 \u2013 1999)ak. mal. Dagmar Ku\u010derov\u00e1 \/Hodon\u00edn\/ (1992 &hellip; <\/p>\n<p class=\"link-more\"><a href=\"https:\/\/svum.info\/?page_id=119\" class=\"more-link\">Pokra\u010dovat ve \u010dten\u00ed<span class=\"screen-reader-text\"> &#8222;B\u00fdval\u00ed \u010dlenov\u00e9 po obnoven\u00ed spolku v roce 1990&#8220;<\/span><\/a><\/p>\n","protected":false},"author":1,"featured_media":0,"parent":0,"menu_order":0,"comment_status":"closed","ping_status":"closed","template":"","meta":{"footnotes":""},"class_list":["post-119","page","type-page","status-publish","hentry"],"_links":{"self":[{"href":"https:\/\/svum.info\/index.php?rest_route=\/wp\/v2\/pages\/119","targetHints":{"allow":["GET"]}}],"collection":[{"href":"https:\/\/svum.info\/index.php?rest_route=\/wp\/v2\/pages"}],"about":[{"href":"https:\/\/svum.info\/index.php?rest_route=\/wp\/v2\/types\/page"}],"author":[{"embeddable":true,"href":"https:\/\/svum.info\/index.php?rest_route=\/wp\/v2\/users\/1"}],"replies":[{"embeddable":true,"href":"https:\/\/svum.info\/index.php?rest_route=%2Fwp%2Fv2%2Fcomments&post=119"}],"version-history":[{"count":17,"href":"https:\/\/svum.info\/index.php?rest_route=\/wp\/v2\/pages\/119\/revisions"}],"predecessor-version":[{"id":383,"href":"https:\/\/svum.info\/index.php?rest_route=\/wp\/v2\/pages\/119\/revisions\/383"}],"wp:attachment":[{"href":"https:\/\/svum.info\/index.php?rest_route=%2Fwp%2Fv2%2Fmedia&parent=119"}],"curies":[{"name":"wp","href":"https:\/\/api.w.org\/{rel}","templated":true}]}}

Bývalí členové po obnovení spolku v roce 1990

<div class="wp-block-columns is-layout-flex wp-container-core-columns-is-layout-9d6595d7 wp-block-columns-is-layout-flex">
<div class="wp-block-column is-layout-flow wp-block-column-is-layout-flow" style="flex-basis:100%"></div>
</div>



<p style="letter-spacing:0.2px;line-height:2.3"><a href="https://cs.wikipedia.org/wiki/Karel_Bened%C3%ADk">Karel Benedík</a>* /Kozojídky/<br>doc. ak. mal. František Cundrla /Strážnice/<br>Naděžda Čančíková /Zlín/<br>Jan Gajdoš /Uh. Hradiště/ (1990 – 1997)<br>prof. ak. mal. František Hodonský /Praha/ (1991 – 2001)<br>ak. soch. Jaroslav Jurčák /Mikulčice/ (1992 – 1994)<br>Josef Kiesewetter /Uh. Hradiště/ (1990 – 2004)<br>ak. soch. Václav A. Kovanič* /Hovorany/ (1994 – 2000)<br>Stanislav Krátký* /Přerov/ (1990 – 1999)<br>ak. mal. Dagmar Kučerová /Hodonín/ (1992 – 2005)<br>Zdeněk Matyáš /Val. Klobouky/ (1990 – 1999)<br>Eva Milotová /Hulín/ (1990 – 1995)<br>František Nikl /Zlín/ (1990 – 1995)<br>ak. mal. <a href="http://knovak.cz/">Karel Novák*</a>&nbsp;/Hodonín/ (1992 – 2001)<br><a href="https://sca-art.cz/">Josef Ruszelák</a>&nbsp;/Zlín/ (1991 – 2000)<br>Bedřich Saňa* /Hodonín/ (1990 – 2005)<br>Jan Stratil /Olomouc/ (1990 – 2006)<br><a href="https://cs.wikipedia.org/wiki/Jo%C5%BEa_Uprka">Josef Úprka</a>&nbsp;/Hroznová Lhota/ (1996 – 2000)<br>Ivan Uher /Kroměříž/ (1990 – 1993)<br>Cyril Urban /Břeclav/ (1993 – 1995)<br><a href="https://www.sochar.net/">Saša Zahradník</a>&nbsp;/Uh. Hradiště/ (1990 – 1996)<br>ak. mal. Miroslav Bravenec /Čejč/ (1997 – 2000)<br>ak. soch. Miroslav Hudeček /Praha/ (1990 – 1996)<br>Olga Hudečková /Praha/ (1998 – 2000)<br>ak. soch. André Vícha /Uh. Hradiště/<br>ak. mal. Blažena Uiberlayová /Uh. Hradiště/</p>



<h2 class="wp-block-heading" style="letter-spacing:0.2px;line-height:2.3">Předsedové</h2>



<p style="letter-spacing:0.2px;line-height:2.3">ak. soch. V. A. Kovanič (1990 – 1993)<br>ak. mal. Karel Novák (1993 – 1995)<br>ak. mal. Jan Gajdoš (1995 – 2003)<br>Ivan Hodonský (2003 – 2008)<br>ak. soch. André Vícha (2008 – 2011)<br>PaedDr. Milan Raška (od r. 2011)</p>



<h2 class="wp-block-heading" style="letter-spacing:0.2px;line-height:2.3">Tajemníci</h2>



<p style="letter-spacing:0.2px;line-height:2.3">Jan Andrys* (1990 – 1991)<br>PhDr. Jaromír Míčka (1991 – 1995)<br>Mgr. Antonín Salajka (1995 – 1998)<br>Dušan Grombiřík (1998 – 2008)<br>Mgr. Daniela Satkeová (2008 – 2024)<br>Mgr. et Mgr. Jan Buchta, Ph.D. (od roku 2024)</p>



<h2 class="wp-block-heading" style="letter-spacing:0.2px;line-height:2.3">Vedoucí klubu přátel SVUM</h2>



<p style="letter-spacing:0.2px;line-height:2.3">Mgr. Antonín Salajka (1995 – 1998)<br>Mgr. Daniela Satkeová (od roku 1998)</p>



<p style="font-size:13px"><em>* členové, kteří byli členy již před rokem 1959, kdy byl spolek zrušen nařízením komunistických státních orgánů (Zákon č. 54/1959 Sb.</em>)<em> </em></p>



<p></p>



<p></p>

<p>Karel Benedík* /Kozojídky/doc. ak. mal. František Cundrla /Strážnice/Naděžda Čančíková /Zlín/Jan Gajdoš /Uh. Hradiště/ (1990 – 1997)prof. ak. mal. František Hodonský /Praha/ (1991 – 2001)ak. soch. Jaroslav Jurčák /Mikulčice/ (1992 – 1994)Josef Kiesewetter /Uh. Hradiště/ (1990 – 2004)ak. soch. Václav A. Kovanič* /Hovorany/ (1994 – 2000)Stanislav Krátký* /Přerov/ (1990 – 1999)ak. mal. Dagmar Kučerová /Hodonín/ (1992 &hellip; </p>
<p class="link-more"><a href="https://svum.info/?page_id=119" class="more-link">Pokračovat ve čtení<span class="screen-reader-text"> &#8222;Bývalí členové po obnovení spolku v roce 1990&#8220;</span></a></p>
