{"id":34,"date":"2025-02-17T15:09:56","date_gmt":"2025-02-17T14:09:56","guid":{"rendered":"https:\/\/svum.info\/?page_id=34"},"modified":"2026-02-03T19:40:28","modified_gmt":"2026-02-03T18:40:28","slug":"aktuality","status":"publish","type":"page","link":"https:\/\/svum.info\/?page_id=34","title":{"rendered":"Aktuality"},"content":{"rendered":"\n<h1 class=\"wp-block-heading\"><strong>V\u00fdstava Sdru\u017een\u00ed v\u00fdtvarn\u00fdch um\u011blc\u016f moravsk\u00fdch<br>\u010cas zm\u011bn<\/strong><\/h1>\n\n\n\n<p>Galerie v\u00fdtvarn\u00e9ho um\u011bn\u00ed v Hodon\u00edn\u011b,<br>p\u0159\u00edsp\u011bvkov\u00e1 organizace&nbsp;<br><br>\u00daprkova 601\/2, 695 01 Hodon\u00edn<\/p>\n\n\n\n<p><strong>20. \u00fanora \u2013 10. kv\u011btna 2026<\/strong><\/p>\n\n\n\n<p>Prav\u00fd s\u00e1l, Kabinet<\/p>\n\n\n\n<p>Pravideln\u00e1 p\u0159ehl\u00eddka um\u011bleck\u00e9ho spolku, se kter\u00fdm je galerie v\u00e1z\u00e1na k&nbsp;u\u017e\u00edv\u00e1n\u00ed budovy. Tentokr\u00e1t v\u0161ak bude m\u00edt prezentace nov\u00fd charakter tematicky zam\u011b\u0159en\u00e9ho projektu.<\/p>\n\n\n\n<p>V\u00fdstava \u010dlen\u016f v\u00fdtvarn\u00e9ho spolku SVUM zpracov\u00e1v\u00e1 aktu\u00e1ln\u00ed t\u00e9ma zm\u011bn ve spole\u010dnosti. Projekt zahrnuje mal\u00ed\u0159skou, socha\u0159skou, grafickou a fotografickou tvorbu sou\u010dasn\u00fdch \u010dlen\u016f Sdru\u017een\u00ed v\u00fdtvarn\u00fdch um\u011blc\u016f moravsk\u00fdch, n\u00e1m\u011btov\u011b se vztahuj\u00edc\u00edch k t\u00e9matu v\u00fdstavy <br>a pomoc\u00ed kr\u00e1tk\u00fdch text\u016f uv\u00e1d\u00ed div\u00e1ka do my\u0161lenkov\u00e9ho okruhu v\u00fdstavy a provokuje jej k\u00a0zamy\u0161len\u00ed a \u0161ir\u0161\u00ed reflexi.<\/p>\n\n\n\n<p>Kur\u00e1tor: Jan Buchta<\/p>\n","protected":false},"excerpt":{"rendered":"<p>V\u00fdstava Sdru\u017een\u00ed v\u00fdtvarn\u00fdch um\u011blc\u016f moravsk\u00fdch\u010cas zm\u011bn Galerie v\u00fdtvarn\u00e9ho um\u011bn\u00ed v Hodon\u00edn\u011b,p\u0159\u00edsp\u011bvkov\u00e1 organizace&nbsp; \u00daprkova 601\/2, 695 01 Hodon\u00edn 20. \u00fanora \u2013 10. kv\u011btna 2026 Prav\u00fd s\u00e1l, Kabinet Pravideln\u00e1 p\u0159ehl\u00eddka um\u011bleck\u00e9ho spolku, se kter\u00fdm je galerie v\u00e1z\u00e1na k&nbsp;u\u017e\u00edv\u00e1n\u00ed budovy. Tentokr\u00e1t v\u0161ak bude m\u00edt prezentace nov\u00fd charakter tematicky zam\u011b\u0159en\u00e9ho projektu. V\u00fdstava \u010dlen\u016f v\u00fdtvarn\u00e9ho spolku SVUM zpracov\u00e1v\u00e1 aktu\u00e1ln\u00ed t\u00e9ma &hellip; <\/p>\n<p class=\"link-more\"><a href=\"https:\/\/svum.info\/?page_id=34\" class=\"more-link\">Pokra\u010dovat ve \u010dten\u00ed<span class=\"screen-reader-text\"> &#8222;Aktuality&#8220;<\/span><\/a><\/p>\n","protected":false},"author":1,"featured_media":175,"parent":0,"menu_order":0,"comment_status":"closed","ping_status":"closed","template":"","meta":{"footnotes":""},"class_list":["post-34","page","type-page","status-publish","has-post-thumbnail","hentry"],"_links":{"self":[{"href":"https:\/\/svum.info\/index.php?rest_route=\/wp\/v2\/pages\/34","targetHints":{"allow":["GET"]}}],"collection":[{"href":"https:\/\/svum.info\/index.php?rest_route=\/wp\/v2\/pages"}],"about":[{"href":"https:\/\/svum.info\/index.php?rest_route=\/wp\/v2\/types\/page"}],"author":[{"embeddable":true,"href":"https:\/\/svum.info\/index.php?rest_route=\/wp\/v2\/users\/1"}],"replies":[{"embeddable":true,"href":"https:\/\/svum.info\/index.php?rest_route=%2Fwp%2Fv2%2Fcomments&post=34"}],"version-history":[{"count":8,"href":"https:\/\/svum.info\/index.php?rest_route=\/wp\/v2\/pages\/34\/revisions"}],"predecessor-version":[{"id":374,"href":"https:\/\/svum.info\/index.php?rest_route=\/wp\/v2\/pages\/34\/revisions\/374"}],"wp:featuredmedia":[{"embeddable":true,"href":"https:\/\/svum.info\/index.php?rest_route=\/wp\/v2\/media\/175"}],"wp:attachment":[{"href":"https:\/\/svum.info\/index.php?rest_route=%2Fwp%2Fv2%2Fmedia&parent=34"}],"curies":[{"name":"wp","href":"https:\/\/api.w.org\/{rel}","templated":true}]}}

<h1 class="wp-block-heading"><strong>Výstava Sdružení výtvarných umělců moravských<br>Čas změn</strong></h1>



<p>Galerie výtvarného umění v Hodoníně,<br>příspěvková organizace&nbsp;<br><br>Úprkova 601/2, 695 01 Hodonín</p>



<p><strong>20. února – 10. května 2026</strong></p>



<p>Pravý sál, Kabinet</p>



<p>Pravidelná přehlídka uměleckého spolku, se kterým je galerie vázána k&nbsp;užívání budovy. Tentokrát však bude mít prezentace nový charakter tematicky zaměřeného projektu.</p>



<p>Výstava členů výtvarného spolku SVUM zpracovává aktuální téma změn ve společnosti. Projekt zahrnuje malířskou, sochařskou, grafickou a fotografickou tvorbu současných členů Sdružení výtvarných umělců moravských, námětově se vztahujících k tématu výstavy <br>a pomocí krátkých textů uvádí diváka do myšlenkového okruhu výstavy a provokuje jej k zamyšlení a širší reflexi.</p>



<p>Kurátor: Jan Buchta</p>

<p>Výstava Sdružení výtvarných umělců moravskýchČas změn Galerie výtvarného umění v Hodoníně,příspěvková organizace&nbsp; Úprkova 601/2, 695 01 Hodonín 20. února – 10. května 2026 Pravý sál, Kabinet Pravidelná přehlídka uměleckého spolku, se kterým je galerie vázána k&nbsp;užívání budovy. Tentokrát však bude mít prezentace nový charakter tematicky zaměřeného projektu. Výstava členů výtvarného spolku SVUM zpracovává aktuální téma &hellip; </p>
<p class="link-more"><a href="https://svum.info/?page_id=34" class="more-link">Pokračovat ve čtení<span class="screen-reader-text"> &#8222;Aktuality&#8220;</span></a></p>
